2 - 1)*m/1?
9
Let i(g) = 2*g - 8. What is the units digit of i(9)?
0
Let s = 9 + -6. Suppose -5*p + s*p = -30. What is the units digit of p?
5
What is the units digit of (4/(-32)*-12)/((-6)/(-716))?
9
Let r = 6 + -6. Suppose -3*c + 52 = -2*z, -c + r*c + 20 = 2*z. What is the units digit of (-6)/27 - (-148)/c?
8
Let p(q) = 18*q**3 + q**2 + q - 1. Let s be p(1). Let l = s - 10. What is the units digit of l?
9
Let o(z) be the first derivative of -z**4/12 - 3*z**3/2 + z**2 - 1. Let r(w) be the second derivative of o(w). What is the tens digit of r(-10)?
1
Let d(p) = -p**2 + 9*p - 10. Suppose k = 3*k - 18. Let b be d(k). Let h(l) = l**3 + 9*l**2 - 11*l - 8. What is the units digit of h(b)?
2
Let v = 15 + -12. Suppose 2*f - 145 = -v*f. What is the units digit of f?
9
Let p(n) = -n - 1. Let v = -6 + 4. Let w(m) = 4*m + 3. Let r(q) = v*w(q) - 7*p(q). What is the units digit of r(0)?
1
Let m = 38 - 28. What is the units digit of m?
0
Let x = 62 + -3. What is the units digit of x?
9
Let b(o) = -2*o - 23. Let d(k) be the first derivative of -k**2/2 - 11*k - 1. Let m(l) = -6*b(l) + 13*d(l). What is the units digit of m(-6)?
1
Suppose 0*d + 2 = 2*d + 4*i, 4*i + 19 = 5*d. Suppose 4*o - 24 = 2*j, d*o - 3*j = -j + 16. What is the units digit of o?
8
Suppose 0 = 17*u - 21*u - 56. What is the tens digit of 21/u*62/(-3)?
3
Let b be 1/((-75)/(-39) - 2). Let j = b + 23. What is the units digit of j?
0
Suppose 0 = -3*a - 2*a + 45. Let w = -4 + a. What is the units digit of w?
5
Let y(d) = -3*d**3 - 5*d**2 - 5*d + 3. Let k be y(-4). Suppose 0 = 3*j + 2*j - k. What is the units digit of j?
7
Let q(h) = 2*h - 3. Suppose 3*l = 5*o - 6, 5*l - 3 = 2*o + 2*l. Let s be q(o). Suppose -4 + 10 = s*w. What is the units digit of w?
2
Let c = 313 + -144. What is the units digit of c?
9
Let l(v) = -6 - 6 + 2*v + 3. Suppose 0*h - 2*h = -12. What is the units digit of l(h)?
3
Suppose 0 = -4*a - 2 + 14. Suppose 2*l - c - a = 0, -c - 3 = -l + 3*l. Suppose -4*r + l*r = -4. What is the units digit of r?
1
Suppose -9 = -9*l + 603. What is the tens digit of l?
6
Let y(j) = -2*j**3 - 5*j**2 - 3*j + 5. What is the units digit of y(-4)?
5
Suppose 5*k - 913 = -6*k. What is the tens digit of k?
8
Let y = -89 + -73. What is the tens digit of (-4)/20 + y/(-10)?
1
Suppose 2*v + 4*g = 98, 3*v + 3*g - 144 = -2*g. What is the tens digit of v?
4
Let q(i) = i**2 + i - 2. Let l be q(-2). Suppose -4*x = -4*c + 24, -c - 2*c + 2*x + 20 = l. Suppose 1 = 3*m - c. What is the units digit of m?
3
Let o(w) = -13*w - 1. Let z(x) = -7*x - 5. Let m(y) = -20*y - 14. Let u(b) = 6*m(b) - 17*z(b). Let j(p) = o(p) - 2*u(p). What is the tens digit of j(-2)?
1
Let q = -7 + 5. Let g be 8*(q - 15/(-6)). What is the units digit of 6 - (-2)/g*-4?
4
Let y(k) = k**2 - 7*k + 5. What is the tens digit of y(8)?
1
Suppose -575 = -5*v + 320. What is the tens digit of v?
7
Let j = 9 - -36. Let c = j - 76. Let a = -22 - c. What is the units digit of a?
9
Suppose -2*m = -5*n + 18, n - 3*n = 4*m + 12. Let v(i) = 5*i**2 - 3*i**3 + 2*i + 0 - 2 + 4*i**3. What is the units digit of v(m)?
6
What is the units digit of 1 - -9 - (-10)/(-5)?
8
Let x(q) = -q - 1. Let w(r) = -3*r - 12. Let d(p) = w(p) - 15*x(p). What is the units digit of d(2)?
7
Let s be 3*-1*(-5)/3. Suppose d = r + 2*r, -s*r = d. Let n(a) = -a + 7. What is the units digit of n(d)?
7
Let h be ((-36)/(-30))/((-6)/20). What is the units digit of (-1)/3*(h + -2)?
2
Let p be 2/5 + (-36)/(-10). Suppose 0 = 3*h - 2*h + 3*f - 17, -h - 18 = -p*f. Suppose 2*v - 24 = -h*v. What is the units digit of v?
6
What is the units digit of 1*((-8)/(-2) - -14)?
8
What is the units digit of (-2)/(-6) + (-80)/(-3) + -2?
5
Let w = -2 + 4. Let m(s) = -w + s**2 + 3 + 5 - 4 - 4*s. What is the units digit of m(6)?
4
Let i(n) = -3*n + 221. What is the hundreds digit of i(0)?
2
What is the units digit of (7/(-21))/(2/(-6))?
1
Let b be (-1687)/(-63) + (-4)/(-18). Let x = -18 + b. What is the units digit of x?
9
Let j(f) = f**3 + 6*f**2 + 3*f - 2. Let i(v) = -v**2 + 5*v + 1. Let n be i(4). Suppose n*x = 2*h - 2, -2*h = 2*x - 6*x. What is the tens digit of j(h)?
1
Let a be (-26)/39 - 58/(-6). Suppose 0 = n + 1, 4*n - 14 = -z - 2*z. Let l = a - z. What is the units digit of l?
3
Let w = 75 + -40. What is the units digit of w?
5
Suppose 0*d - 2*d = 5*m + 4, -m + 4*d + 8 = 0. Suppose m = -5*g + 4 + 66. Suppose 0 = 4*w + v - 10 - g, 47 = 5*w - 3*v. What is the units digit of w?
7
Suppose -26*a - 60 = -31*a. What is the units digit of a?
2
Let b = 42 + 41. What is the tens digit of b?
8
Let j(u) = 31*u - 1. What is the units digit of j(2)?
1
What is the units digit of 21/7 + (-2)/(-2)?
4
Suppose 2*z - 7 - 3 = -4*s, 2*s - 5*z - 23 = 0. Suppose t + s*t = -g + 6, -g + 9 = 4*t. What is the units digit of g?
1
Suppose -y - 7 = -4*a, 0 = -5*y - 3*a + 12 - 1. Let q = 4 - y. Suppose q*u = 22 - 1. What is the units digit of u?
7
Let w(s) be the third derivative of -7/6*s**3 + 0*s + 0 + 1/12*s**4 - s**2. What is the units digit of w(5)?
3
Let g = -13 + 16. Suppose 4*w + 26 = 2*f + 142, 5*f + 73 = g*w. What is the tens digit of w?
3
Let q = 1 - -3. Suppose 2*o + 3*c = 10 + 22, -3*o + 14 = -q*c. What is the tens digit of o?
1
Let q(f) = -7*f - 22. Let s be q(-12). Suppose c - 3*c = -s. What is the units digit of c?
1
Suppose -593 = -3*o - 161. What is the units digit of o?
4
Let n(r) = -r**3 - 3*r**2 - 2*r + 1. Let z be n(-3). Let l = 14 - z. What is the units digit of l?
7
What is the units digit of (-4)/3*(-18)/3?
8
Let w(t) = -9*t + 26. Let h(g) = -5*g + 13. Let i(y) = -7*h(y) + 4*w(y). Let f be i(10). Suppose 5*z = 20, -f*z = 2*m - 5*m - 9. What is the units digit of m?
1
Suppose -d - 2 + 4 = 0. Suppose 6*v = v + 30. Suppose 0 = -4*a - 2*i + d, a + v = -2*a - 3*i. What is the units digit of a?
3
Let p be -28*10*(-4)/(-32). What is the tens digit of (-1740)/p - (-4)/14?
5
Let n(z) = -z + 7. Let r(a) = -a + 2. Let l be r(-5). Let d be n(l). Suppose 0 = -d*q + q - 8. What is the units digit of q?
8
Let x = 87 - 13. What is the units digit of x?
4
Let l = 10 + -4. What is the tens digit of l/(-1)*(-3 - -1)?
1
Suppose 0 = -3*a + g + 10, -7*g = 2*a - 3*g - 16. What is the units digit of a?
4
What is the tens digit of (-9 + 10)*2*49?
9
Let p be (-2)/(2*1/(-4)). Suppose 3*r + p*q - 3*q + 28 = 0, 0 = 2*r - 5*q - 4. What is the units digit of 93/12 + (-2)/r?
8
Suppose r = -4*r + 115. What is the units digit of r?
3
Let b = -2 - 10. Let w = 22 + b. What is the units digit of w?
0
Let r be -3*6/9 - 2. Let m(c) = -c**2 - 6*c - 3. Let h be m(r). Let l = -4 + h. What is the units digit of l?
1
Suppose 5*y - 26 = -4*q, y + 5*q - 24 = -y. Suppose 0 = y*j + 10 - 80. What is the units digit of j?
5
Let u be 1*2*-1 - 5. Let y = u - -10. Suppose q - 4*v = -2*q + 9, -3*q = -y*v - 12. What is the units digit of q?
7
Let h be 15/(-2)*(-160)/(-30). Let z = 88 + h. What is the units digit of z?
8
Suppose -3*q + 4*v + 40 = 0, -4*q + 2*v + 55 = -3*v. What is the tens digit of q?
2
Let w(r) be the second derivative of r**5/20 - r**4/2 + r**3 + r**2 + r. Let i(x) = -x**2 + 4*x + 5. Let t be i(4). What is the units digit of w(t)?
7
Suppose 112 = 4*n + 12. What is the units digit of n?
5
What is the units digit of (-238)/(-2)*2 + 1?
9
Let f be (27/(-4))/((-3)/8). Suppose -l + 3*i = -2*i - 28, l - 3*i = f. Suppose -s - l = -8. What is the units digit of s?
5
Suppose -j = -5*w - 3, 0 = 4*w + 2 + 2. Let i = j - -5. Suppose y - i = -1. What is the units digit of y?
2
Let y = -14 + 16. Suppose 0 = y*f + h - 30, 5*f - 4*h - 66 = -2*h. What is the tens digit of f?
1
Let b be (3/2 + -2)*-2. Let m(w) = w + 2 + b + 0*w. What is the units digit of m(0)?
3
Let h = -4 + 3. Let b = 2 + h. Suppose 2*k - 3 - b = 0. What is the units digit of k?
2
Let u = 4 + 4. What is the units digit of u?
8
What is the units digit of ((-81)/15)/(2/(-30)*1)?
1
Suppose -2*f + f = -8. Suppose -1 = 7*h - f*h. What is the units digit of h?
1
Suppose 5*u + 96 = w, -5*u + 0 + 76 = w. What is the units digit of w?
6
Suppose -11*i + 9*i = -10. What is the units digit of i?
5
Let z(t) = -t**3 + t**2. Let v be z(0). Let g = v + 5. Suppose 2*l + g*r - 37 = -2*l, 45 = 3*l - 2*r. What is the tens digit of l?
1
Let b(r) = -3*r. Let t be b(1). Let p(x) = -7*x - 4. What is the tens digit of p(t